e factors of s.
337
Let k(c) = 27*c + 2. Let w(n) = -28*n - 2. Let s(y) = -7*k(y) - 6*w(y). List the prime factors of s(-1).
19
What are the prime factors of (9710/6)/((-3)/(-1 + -8))?
5, 971
Let b(x) = -10*x - 6*x - 3*x**2 - 11 - 5*x + 5*x**2. List the prime factors of b(12).
5
Let z = -146 - -85. What are the prime factors of (1 + -2)*(z + 0)?
61
Let m = 30 + 140. Suppose 3*g = -w + 102, 4*g + g = w + m. List the prime factors of g.
2, 17
Suppose 8*z + 406 = 15*z. What are the prime factors of z?
2, 29
Suppose 0 = -4*c - 8, 0 = 2*j - 7*j + 5*c + 4380. What are the prime factors of j?
2, 19, 23
Suppose 28*d - 1379 = 27*d. List the prime factors of d.
7, 197
Let j(c) = -c + 3. Let x be j(-1). Suppose 0 = 5*v - x*v - 190. What are the prime factors of v?
2, 5, 19
Let p = -26 - -31. Suppose -2*q = p*k - 72, 4*k = 5*q - k - 110. List the prime factors of q.
2, 13
Suppose 3*y + 26 = 32. Suppose b + y*d - 48 = 0, -d + 131 = 2*b - 4*d. What are the prime factors of b?
2, 29
Let f(a) = 20*a + 57. Let g(n) = -n**2 + 12*n + 20. Let r be g(13). What are the prime factors of f(r)?
197
Let h(x) = -139*x - 15. Let i be h(-2). Suppose -4*q = i - 723. What are the prime factors of q?
5, 23
Let s = 1626 + -924. What are the prime factors of s?
2, 3, 13
Let c = -1071 - -1777. What are the prime factors of c?
2, 353
Let h be -3*(-5)/(10/2). What are the prime factors of -4 + 13/h + (-440)/(-3)?
3, 7
Let w = 805 - 211. What are the prime factors of w?
2, 3, 11
Suppose 0 = -4*h - 16, -5*z = h - 3*h - 2128. List the prime factors of z.
2, 53
Suppose 31 + 13 = 4*g - 2*n, -3*n = 4*g - 34. Let b be (-5)/(-5)*(g + -1). Suppose -o + b = -6. What are the prime factors of o?
3, 5
Suppose 134640 = 46*g + 26*g. What are the prime factors of g?
2, 5, 11, 17
Let u(s) be the third derivative of 5*s**4/4 - s**3/6 + 4*s**2 - 5*s. List the prime factors of u(5).
149
Let f = -3078 - -5213. What are the prime factors of f?
5, 7, 61
Suppose 4*y - 5*y = -2. Let v = y - -2. Suppose 7 = -3*q + v*q. What are the prime factors of q?
7
Suppose 4*m = 6*m - 16. Let k be (7 + -1)/(m + -6). Suppose n = 3*l + 5 + 9, k*n + l - 62 = 0. What are the prime factors of n?
2, 5
Let a = -26 - -32. List the prime factors of 50 + a*(-4)/(-8).
53
Let u(r) = -r**2 + 8*r - 6. Let x be u(7). Let p be ((x - -1)*3)/2. Suppose v - 32 = -p*v. List the prime factors of v.
2
Suppose -6789 = -9*p + 6954. What are the prime factors of p?
3, 509
Suppose -2*z = 2*z. Suppose z = 2*c - 7 - 1. Suppose 2*l = c*l - 128. What are the prime factors of l?
2
Suppose -4*t + t = -108. Let s be 21/2*t/7. Suppose -66 = -6*l + s. List the prime factors of l.
2, 5
Let c(v) = -v**3 + 10*v**2 - v - 8. Suppose -43 = -5*s + 2. List the prime factors of c(s).
2
Let w = -41 - -36. Let d = -3 - w. Suppose 4*a = d*u + 24, a + u = 2*u + 7. List the prime factors of a.
5
Let z(a) = -14*a + 4. List the prime factors of z(-14).
2, 5
Let f(s) = s**3 + 36*s**2 + 84*s - 12. List the prime factors of f(-32).
2, 349
Let x be (-6)/9 - 8/(-3). Suppose -4*f + 2*w = -6*f - 68, -x*f + 3*w - 63 = 0. Let r = f + 47. List the prime factors of r.
2, 7
Suppose -j - 3*w = 2*j - 51, 4 = -2*w. Let y = 21 - j. What are the prime factors of -1 + 0 + 33 + y?
2, 17
Let m = 3073 - -1107. What are the prime factors of m?
2, 5, 11, 19
Suppose -23 - 47 = -5*m. Let g = m - 20. List the prime factors of ((-93)/g)/((-2)/(-4)).
31
Let c be (-1)/(-3 - -6)*-15. Let r(o) = o**2 - 4*o - 7. Let m be r(c). Let q = 5 + m. What are the prime factors of q?
3
Let j(g) = 4*g**2 - 11 + 12*g + g + 14*g - 10*g. What are the prime factors of j(-8)?
109
Suppose -4*z = y - 97 - 44, 0 = -y - 3. Suppose r + 0*r - z = 0. What are the prime factors of r?
2, 3
Suppose -d + 15 = q - 4*d, -d = -2*q + 10. Suppose q = -3*m, 3*v + 2*m = 39 + 217. List the prime factors of v.
2, 43
Let d(y) = 2*y**2 - 4*y + 16. What are the prime factors of d(-8)?
2, 11
Let w be (-5 + (-3 - -4))*(-177)/4. Let m = -51 + w. List the prime factors of m.
2, 3, 7
Let p be (-1)/3 + (-143)/(-33). Suppose 4*k = 4*z, -2*z + 0*z = -p*k + 6. Suppose -k*u + 110 = 4*t, 0 = -4*u + 3*u - 2*t + 34. What are the prime factors of u?
2, 3, 7
Let a(n) = n**3 - 3*n**2 - 4*n. Let l(h) = -2*h - 40. Let y be l(-23). List the prime factors of a(y).
2, 3, 7
List the prime factors of 3/(7 + (38150/(-2935) - -6)).
3, 587
Let m(q) = -q + 5. Let l be m(3). Suppose 6*t = l*t + 248. What are the prime factors of t?
2, 31
Let s = -35 - -45. Suppose -44 = -12*r + s*r. What are the prime factors of r?
2, 11
List the prime factors of (30/(-4))/((-3)/312).
2, 3, 5, 13
Let c be ((-12)/15)/(1/(-5)). Suppose c*k = 2*k. Suppose 0 = -4*s - 3*q + 28, k*q - 5*q = -4*s + 28. List the prime factors of s.
7
Let x(q) = 4*q**2 - 25*q + 2. Let s(k) = k**2 + 1. Let h(d) = 6*s(d) - 2*x(d). What are the prime factors of h(25)?
2
Suppose 3*t + 1184 = h, 8*h = 6*h - 2. Let f = t + 557. What are the prime factors of f?
2, 3
Suppose 3*h - 3*u - 42 = 4*h, -u = -4*h - 181. Let k = 96 + h. What are the prime factors of k?
3, 17
Let o = 46 - 31. Let a = o + -10. Suppose 6*q = q - a*i + 45, -4*i - 90 = -5*q. What are the prime factors of q?
2, 7
Suppose 3*o = -m + 3*m + 66, -5*m = o - 22. Suppose 5*i = 5*j - 50, 12 + o = 3*j - 4*i. What are the prime factors of j?
2, 3
Suppose -49*m + 41*m + 3080 = 0. List the prime factors of m.
5, 7, 11
Suppose -7*b + 6*b - 1 = 0, 2*b - 3474 = -4*y. List the prime factors of y.
11, 79
Suppose 3 + 27 = 5*h + 5*s, 42 = 5*h + s. Let f be 3*1 - (-9 + h). Suppose -z + f = -3. List the prime factors of z.
2, 3
Let r = -39 + 27. Let x be r/(-18) + 2/(-3). Let w = x + 32. What are the prime factors of w?
2
Suppose 420 = 4*u - 6800. What are the prime factors of u?
5, 19
Suppose d + 5*z - 11 = 3*d, -4*d = -z - 5. Let i(o) = 8*o**d + 10 - 10 + o. What are the prime factors of i(-2)?
2, 3, 5
Suppose -18*k + 15*k + 29 = 2*x, 22 = 2*x - 4*k. List the prime factors of x.
13
Suppose -3*g = -g + 8. List the prime factors of (-67)/(4 - (1 - g)).
67
Let a(i) be the third derivative of -i**4/24 + i**3/2 + i**2. Suppose -3*h - 18 - 3 = 0. List the prime factors of a(h).
2, 5
Let b be 2 + (-3 - (-4 - -1)). Suppose 0 = -b*n - 6. What are the prime factors of n + (2 - 1) - -18?
2
Suppose 3*m - 6548 - 3324 = 2*x, -16460 = -5*m + 2*x. List the prime factors of m.
2, 3, 61
Let c(i) = -30*i + 3*i + 18*i - 56*i - 2. Let y be c(-1). Let g = -42 + y. List the prime factors of g.
3, 7
Let h(x) = -x**2 - 6*x + 14. Let k(m) = m - 19. Let y be k(12). List the prime factors of h(y).
7
Let w = -35 + 39. Suppose w*l - 34 - 46 = 0. What are the prime factors of l?
2, 5
Suppose -1 + 5 = -4*n, -f + 12 = 3*n. Suppose f = -c + 6*c. Let r = c + 27. What are the prime factors of r?
2, 3, 5
Suppose -1032 = -143*f + 135*f. List the prime factors of f.
3, 43
Let v(k) = 799*k**2 + 17*k + 37. What are the prime factors of v(-2)?
7, 457
Let z(x) be the first derivative of -15*x**2/2 + 39*x - 38. List the prime factors of z(-10).
3, 7
Let y = 131 - 45. Let c = 192 - y. What are the prime factors of c?
2, 53
What are the prime factors of (-5)/((-5)/(-2)) - (-2612)/2?
2, 163
Suppose -o + 1 = -1. Suppose 0 = o*h - 9 + 1. Suppose -p = -5*g - 27, 5*g + 84 - 6 = h*p. List the prime factors of p.
17
Suppose -2*b - t + 62 = -0*b, 3*b - t = 103. What are the prime factors of ((3 - -2) + -2)*b?
3, 11
Suppose 13*t - 779 = -3*b + 14*t, 1287 = 5*b + 4*t. List the prime factors of b.
7, 37
Let k = -179 - -276. Suppose -4*m - 4 = -4*x, 5*x - 37 = -4*m + m. Suppose 3*n + f = -f + k, -m*n + f = -133. What are the prime factors of n?
3, 11
Let i be (-13)/(-5) - ((-108)/20 + 5). Suppose 5*o - c - 87 = -i*c, -o + 31 = -3*c. What are the prime factors of o?
19
Let n be 18/(-4)*(-2)/(-3). Let u be 14/(-7) + n/(-1). What are the prime factors of u/(2*(-1)/(-8))?
2
Let a = 9 - 3. Suppose 3*z + 4*f + 24 = 0, 2*z + 1 = 4*z - 3*f. What are the prime factors of z/6 + 220/a?
2, 3
Let s = 170 + -90. Suppose -9*o = -14*o + s. What are the prime factors of o?
2
Let c = -653 - -1176. What are the prime factors of c?
523
Suppose j = -3*b - 13, 2*j - 4*b = -14 - 2. Let r = j + 22. What are the prime factors of r?
2, 3
Let r(v) = -249*v**3 + v**2 - v - 1. Let f be r(-1). What are the prime factors of f/3 - 6/18?
83
Let h 